{"id":784,"date":"2019-01-07T11:15:55","date_gmt":"2019-01-07T11:15:55","guid":{"rendered":"https:\/\/avadawebsites.wpengine.com\/barber-shop\/?post_type=product&amp;p=784"},"modified":"2019-01-07T11:15:55","modified_gmt":"2019-01-07T11:15:55","slug":"shave-balm","status":"publish","type":"product","link":"https:\/\/seuproximonivel.com\/spn\/product\/shave-balm\/","title":{"rendered":"Shave Balm"},"content":{"rendered":"<p>Lorem ipsum dolor sit amet, consectetur adipiscing elit. Aenean sit amet felis sed nibh pulvinar dictum condimentum ac nibh. Duis dictum molestie orci, et malesuada purus finibus eu. Nunc laoreet, dui lacinia egestas ultrices, diam neque varius nibh, ac tristique arcu tellus vel mauris. Sed eget mauris volutpat arcu congue tempus et congue tellus.<\/p>\n","protected":false},"excerpt":{"rendered":"<p>Lorem ipsum dolor sit amet, consectetur adipiscing elit. Aenean sit amet felis sed nibh pulvinar dictum condimentum ac nibh.<\/p>\n","protected":false},"featured_media":785,"comment_status":"open","ping_status":"closed","template":"","meta":{"wds_primary_product_brand":0,"wds_primary_product_cat":0},"product_brand":[],"product_cat":[27],"product_tag":[],"class_list":{"0":"post-784","1":"product","2":"type-product","3":"status-publish","4":"has-post-thumbnail","6":"product_cat-shaving-products","8":"first","9":"instock","10":"shipping-taxable","11":"purchasable","12":"product-type-simple"},"yoast_head":"<!-- This site is optimized with the Yoast SEO plugin v27.2 - https:\/\/yoast.com\/product\/yoast-seo-wordpress\/ -->\n<title>Shave Balm - Seu Pr\u00f3ximo N\u00edvel<\/title>\n<meta name=\"robots\" content=\"index, follow, max-snippet:-1, max-image-preview:large, max-video-preview:-1\" \/>\n<link rel=\"canonical\" href=\"https:\/\/seuproximonivel.com\/spn\/product\/shave-balm\/\" \/>\n<meta property=\"og:locale\" content=\"pt_BR\" \/>\n<meta property=\"og:type\" content=\"article\" \/>\n<meta property=\"og:title\" content=\"Shave Balm - Seu Pr\u00f3ximo N\u00edvel\" \/>\n<meta property=\"og:description\" content=\"Lorem ipsum dolor sit amet, consectetur adipiscing elit. Aenean sit amet felis sed nibh pulvinar dictum condimentum ac nibh.\" \/>\n<meta property=\"og:url\" content=\"https:\/\/seuproximonivel.com\/spn\/product\/shave-balm\/\" \/>\n<meta property=\"og:site_name\" content=\"Seu Pr\u00f3ximo N\u00edvel\" \/>\n<meta property=\"og:image\" content=\"https:\/\/seuproximonivel.com\/spn\/wp-content\/uploads\/sites\/5\/2019\/01\/shave_balm.png\" \/>\n\t<meta property=\"og:image:width\" content=\"1200\" \/>\n\t<meta property=\"og:image:height\" content=\"1200\" \/>\n\t<meta property=\"og:image:type\" content=\"image\/png\" \/>\n<meta name=\"twitter:card\" content=\"summary_large_image\" \/>\n<script type=\"application\/ld+json\" class=\"yoast-schema-graph\">{\"@context\":\"https:\/\/schema.org\",\"@graph\":[{\"@type\":\"WebPage\",\"@id\":\"https:\/\/seuproximonivel.com\/spn\/product\/shave-balm\/\",\"url\":\"https:\/\/seuproximonivel.com\/spn\/product\/shave-balm\/\",\"name\":\"Shave Balm - Seu Pr\u00f3ximo N\u00edvel\",\"isPartOf\":{\"@id\":\"https:\/\/seuproximonivel.com\/spn\/#website\"},\"primaryImageOfPage\":{\"@id\":\"https:\/\/seuproximonivel.com\/spn\/product\/shave-balm\/#primaryimage\"},\"image\":{\"@id\":\"https:\/\/seuproximonivel.com\/spn\/product\/shave-balm\/#primaryimage\"},\"thumbnailUrl\":\"https:\/\/seuproximonivel.com\/spn\/wp-content\/uploads\/sites\/5\/2019\/01\/shave_balm.png\",\"datePublished\":\"2019-01-07T11:15:55+00:00\",\"breadcrumb\":{\"@id\":\"https:\/\/seuproximonivel.com\/spn\/product\/shave-balm\/#breadcrumb\"},\"inLanguage\":\"pt-BR\",\"potentialAction\":[{\"@type\":\"ReadAction\",\"target\":[\"https:\/\/seuproximonivel.com\/spn\/product\/shave-balm\/\"]}]},{\"@type\":\"ImageObject\",\"inLanguage\":\"pt-BR\",\"@id\":\"https:\/\/seuproximonivel.com\/spn\/product\/shave-balm\/#primaryimage\",\"url\":\"https:\/\/seuproximonivel.com\/spn\/wp-content\/uploads\/sites\/5\/2019\/01\/shave_balm.png\",\"contentUrl\":\"https:\/\/seuproximonivel.com\/spn\/wp-content\/uploads\/sites\/5\/2019\/01\/shave_balm.png\",\"width\":1200,\"height\":1200,\"caption\":\"Shaving Balm\"},{\"@type\":\"BreadcrumbList\",\"@id\":\"https:\/\/seuproximonivel.com\/spn\/product\/shave-balm\/#breadcrumb\",\"itemListElement\":[{\"@type\":\"ListItem\",\"position\":1,\"name\":\"In\u00edcio\",\"item\":\"https:\/\/seuproximonivel.com\/spn\/\"},{\"@type\":\"ListItem\",\"position\":2,\"name\":\"Shop\",\"item\":\"https:\/\/seuproximonivel.com\/spn\/shop-2\/\"},{\"@type\":\"ListItem\",\"position\":3,\"name\":\"Shave Balm\"}]},{\"@type\":\"WebSite\",\"@id\":\"https:\/\/seuproximonivel.com\/spn\/#website\",\"url\":\"https:\/\/seuproximonivel.com\/spn\/\",\"name\":\"Seu Pr\u00f3ximo N\u00edvel\",\"description\":\"Transformo seu Neg\u00f3cio em uma verdadeira M\u00c1QUINA DE VENDAS!\",\"potentialAction\":[{\"@type\":\"SearchAction\",\"target\":{\"@type\":\"EntryPoint\",\"urlTemplate\":\"https:\/\/seuproximonivel.com\/spn\/?s={search_term_string}\"},\"query-input\":{\"@type\":\"PropertyValueSpecification\",\"valueRequired\":true,\"valueName\":\"search_term_string\"}}],\"inLanguage\":\"pt-BR\"}]}<\/script>\n<!-- \/ Yoast SEO plugin. -->","yoast_head_json":{"title":"Shave Balm - Seu Pr\u00f3ximo N\u00edvel","robots":{"index":"index","follow":"follow","max-snippet":"max-snippet:-1","max-image-preview":"max-image-preview:large","max-video-preview":"max-video-preview:-1"},"canonical":"https:\/\/seuproximonivel.com\/spn\/product\/shave-balm\/","og_locale":"pt_BR","og_type":"article","og_title":"Shave Balm - Seu Pr\u00f3ximo N\u00edvel","og_description":"Lorem ipsum dolor sit amet, consectetur adipiscing elit. Aenean sit amet felis sed nibh pulvinar dictum condimentum ac nibh.","og_url":"https:\/\/seuproximonivel.com\/spn\/product\/shave-balm\/","og_site_name":"Seu Pr\u00f3ximo N\u00edvel","og_image":[{"width":1200,"height":1200,"url":"https:\/\/seuproximonivel.com\/spn\/wp-content\/uploads\/sites\/5\/2019\/01\/shave_balm.png","type":"image\/png"}],"twitter_card":"summary_large_image","schema":{"@context":"https:\/\/schema.org","@graph":[{"@type":"WebPage","@id":"https:\/\/seuproximonivel.com\/spn\/product\/shave-balm\/","url":"https:\/\/seuproximonivel.com\/spn\/product\/shave-balm\/","name":"Shave Balm - Seu Pr\u00f3ximo N\u00edvel","isPartOf":{"@id":"https:\/\/seuproximonivel.com\/spn\/#website"},"primaryImageOfPage":{"@id":"https:\/\/seuproximonivel.com\/spn\/product\/shave-balm\/#primaryimage"},"image":{"@id":"https:\/\/seuproximonivel.com\/spn\/product\/shave-balm\/#primaryimage"},"thumbnailUrl":"https:\/\/seuproximonivel.com\/spn\/wp-content\/uploads\/sites\/5\/2019\/01\/shave_balm.png","datePublished":"2019-01-07T11:15:55+00:00","breadcrumb":{"@id":"https:\/\/seuproximonivel.com\/spn\/product\/shave-balm\/#breadcrumb"},"inLanguage":"pt-BR","potentialAction":[{"@type":"ReadAction","target":["https:\/\/seuproximonivel.com\/spn\/product\/shave-balm\/"]}]},{"@type":"ImageObject","inLanguage":"pt-BR","@id":"https:\/\/seuproximonivel.com\/spn\/product\/shave-balm\/#primaryimage","url":"https:\/\/seuproximonivel.com\/spn\/wp-content\/uploads\/sites\/5\/2019\/01\/shave_balm.png","contentUrl":"https:\/\/seuproximonivel.com\/spn\/wp-content\/uploads\/sites\/5\/2019\/01\/shave_balm.png","width":1200,"height":1200,"caption":"Shaving Balm"},{"@type":"BreadcrumbList","@id":"https:\/\/seuproximonivel.com\/spn\/product\/shave-balm\/#breadcrumb","itemListElement":[{"@type":"ListItem","position":1,"name":"In\u00edcio","item":"https:\/\/seuproximonivel.com\/spn\/"},{"@type":"ListItem","position":2,"name":"Shop","item":"https:\/\/seuproximonivel.com\/spn\/shop-2\/"},{"@type":"ListItem","position":3,"name":"Shave Balm"}]},{"@type":"WebSite","@id":"https:\/\/seuproximonivel.com\/spn\/#website","url":"https:\/\/seuproximonivel.com\/spn\/","name":"Seu Pr\u00f3ximo N\u00edvel","description":"Transformo seu Neg\u00f3cio em uma verdadeira M\u00c1QUINA DE VENDAS!","potentialAction":[{"@type":"SearchAction","target":{"@type":"EntryPoint","urlTemplate":"https:\/\/seuproximonivel.com\/spn\/?s={search_term_string}"},"query-input":{"@type":"PropertyValueSpecification","valueRequired":true,"valueName":"search_term_string"}}],"inLanguage":"pt-BR"}]}},"_links":{"self":[{"href":"https:\/\/seuproximonivel.com\/spn\/wp-json\/wp\/v2\/product\/784","targetHints":{"allow":["GET"]}}],"collection":[{"href":"https:\/\/seuproximonivel.com\/spn\/wp-json\/wp\/v2\/product"}],"about":[{"href":"https:\/\/seuproximonivel.com\/spn\/wp-json\/wp\/v2\/types\/product"}],"replies":[{"embeddable":true,"href":"https:\/\/seuproximonivel.com\/spn\/wp-json\/wp\/v2\/comments?post=784"}],"wp:featuredmedia":[{"embeddable":true,"href":"https:\/\/seuproximonivel.com\/spn\/wp-json\/wp\/v2\/media\/785"}],"wp:attachment":[{"href":"https:\/\/seuproximonivel.com\/spn\/wp-json\/wp\/v2\/media?parent=784"}],"wp:term":[{"taxonomy":"product_brand","embeddable":true,"href":"https:\/\/seuproximonivel.com\/spn\/wp-json\/wp\/v2\/product_brand?post=784"},{"taxonomy":"product_cat","embeddable":true,"href":"https:\/\/seuproximonivel.com\/spn\/wp-json\/wp\/v2\/product_cat?post=784"},{"taxonomy":"product_tag","embeddable":true,"href":"https:\/\/seuproximonivel.com\/spn\/wp-json\/wp\/v2\/product_tag?post=784"}],"curies":[{"name":"wp","href":"https:\/\/api.w.org\/{rel}","templated":true}]}}